Suppose -32 = -4*u - s*u. Let g be u/(-2)*(-13 + -5). What is the greatest common divisor of 8 and g?
8
Suppose -7*r - 638 = -36*r. What is the greatest common factor of 99 and r?
11
Suppose -9*g - 20 = -10*g. Suppose 72 = -g*q + 22*q. What is the greatest common factor of q and 108?
36
Suppose -5*g - 110 = 2*r, -2*r - 14 = g - 0*r. Let j be (-12)/g + (-182)/(-4). Calculate the greatest common divisor of 115 and j.
23
Suppose -f + 15 = -j, -4*j = -f + 3 + 9. Let s be 1/4 - (-252)/f. Let z = -52 + 84. What is the greatest common factor of z and s?
16
Suppose 507 = -86*p + 125*p. What is the greatest common divisor of 4147 and p?
13
Let u = 13 - 6. Suppose 5*j - u = 3. Suppose -1644 = -5*p - z, j*p - 644 = 2*z + z. What is the highest common divisor of p and 41?
41
Suppose -15 = 4*l - 9*l. Suppose 2*p - 24 = -h + l*h, -3*p + 35 = -4*h. Suppose x - 2*x = -26. What is the greatest common factor of x and p?
13
Let n be (8 - 2 - 7)/(2/12). Let r(g) = 6*g + 48. Let q be r(n). Calculate the greatest common divisor of q and 30.
6
Suppose 3 = 8*n - 7*n. Let c be ((-3)/12*0)/n. Suppose -12 = -j - x - 0, x = c. What is the highest common divisor of j and 36?
12
Let i(t) = -t**3 - 7*t**2 + 41*t + 41. Let h be i(-11). Suppose -5*a + 6*a - 37 = 0. Calculate the highest common divisor of a and h.
37
Suppose 5*t = 5*a - 1480, 6*t - 10*t + 4 = 0. Calculate the highest common divisor of 27 and a.
27
Let a = 124 + -78. Let r = a + 14. Suppose -2*b = 3*b - r. What is the greatest common divisor of 8 and b?
4
Let f be (1 + 1 - 1) + 0/3. Let h be (-224)/(-196)*(5/2 + f). Suppose 0*o + 8 = 2*o. Calculate the highest common factor of o and h.
4
Let g be 950/76 - (3/(-2))/3. Let m(u) = -6*u**3 + 2*u**2 + 3*u + 2. Let i be m(-2). Calculate the highest common factor of i and g.
13
Suppose -1301 + 203 = -3*b. Suppose -b - 146 = -4*k. Calculate the highest common factor of k and 16.
16
Suppose -36 = -23*p - 13. What is the highest common divisor of p and 4?
1
Let j be 232/87*(-1)/((-2)/(-78)). Suppose -3*s + 6*s = 543. Let l = s + j. What is the highest common factor of l and 7?
7
Let h = -266 + 446. Calculate the greatest common factor of 40 and h.
20
Suppose -8*r - 59 = 29. Let v = r + 14. Suppose -3*x = 3*l - 27, v*l + 3*x = 6*l - 21. What is the highest common divisor of l and 32?
8
Suppose 122 = -2*j + 20. Let k = j + 61. What is the highest common divisor of k and 10?
10
Suppose 0*o + 3*o + 5*x = -2, 20 = -5*x. Let a = -5076 - -5142. What is the highest common factor of a and o?
6
Let c(p) = -7*p - 7. Let q be c(-3). Let k be (189/(-4))/9*-4. What is the greatest common divisor of k and q?
7
Let c be 426/10 + (-111)/185. Calculate the greatest common factor of c and 420.
42
Suppose -1576 = -9*g - 271. What is the greatest common factor of 203 and g?
29
Let m = 117 - 114. Suppose k + 22 = -4*u + 116, -k = m*u - 98. What is the highest common divisor of k and 10?
10
Let l(n) = 12*n**2 - 75*n - 23. Let x be l(7). What is the highest common factor of x and 536?
8
Let k be ((-4)/(-2))/(11/(61446/12)). Calculate the highest common factor of k and 38.
19
Suppose 42 + 234 = 12*s. What is the greatest common divisor of s and 2?
1
Suppose 0 = -t + 3*t + 60. Let x(l) = -2*l**2 + 9*l - 10. Let y be x(5). Let v = y - t. What is the highest common factor of v and 120?
15
Suppose -152 = -4*v - 4*s, -v + 15 = 2*s - 28. What is the greatest common factor of v and 220?
11
Let w(n) = -n + 4. Let i be (-22)/(-4) - (-24)/16. Let x be w(i). Let y be 2 + x/6*-14. What is the highest common factor of y and 90?
9
Suppose 15*t = -43 + 208. Suppose 0 = 4*k - 4*w - 508, 0 = -5*w - 9 - t. Calculate the greatest common factor of k and 41.
41
Let d(s) = -s**3 - 12*s**2 - 11*s - 6. Let w be d(-11). Let n = w + 26. What is the highest common factor of 10 and n?
10
Let p(l) = 2 - 18*l - 8*l - 9 + 2*l**2. Let f be p(18). Let b = -77 + f. What is the greatest common factor of b and 32?
32
Suppose 0 = -5*s + 2*c - 5*c + 80, -s + 16 = -3*c. Let t = -48 + 96. What is the greatest common factor of s and t?
16
Suppose -o = -534 + 66. What is the highest common factor of 104 and o?
52
Suppose 27*v - 22*v - 230 = 0. Calculate the greatest common factor of 69 and v.
23
Suppose -4*c - 72 = -7*q + 6*q, 3*q = -c + 255. What is the greatest common factor of 24 and q?
12
Suppose r - 5*g - 3 = 8, -5*g + 31 = r. Let k be (-2)/(1 + (-24)/r). Let v = 70 - 14. Calculate the highest common factor of v and k.
14
Let o be (-2)/(-8) - (-2 - 3/4). Let f = 14 + 1. Calculate the highest common divisor of f and o.
3
Let m(i) = 39*i + 327. Let s be m(-7). What is the highest common factor of 1 and s?
1
Let d(q) = -3*q - 9. Let b be d(19). Let n = b - -75. What is the greatest common divisor of 18 and n?
9
Let p be (12/(-5))/(12/210). Let a be 4/14 - 240/p. Calculate the greatest common factor of a and 12.
6
Let b(m) = 2*m**2 + 39*m - 12. Let n be b(-20). Suppose -4*z - 5*k = -243 + 47, 0 = -2*k + n. What is the greatest common factor of z and 4?
4
Suppose -48*m = -23*m - 2325. What is the greatest common divisor of m and 1178?
31
Let w(l) = 4*l**2 + 3*l. Let p be w(-2). Let c(o) = 3*o**2 + 4*o - 5. Let r be c(3). Let a = 84 - r. What is the highest common factor of p and a?
10
Let r = 107 - 100. What is the greatest common factor of 91 and r?
7
Let f = 481 - 286. What is the greatest common factor of f and 30?
15
Let p be -2 - (0 - 38*1). Let h(v) = -v**2 + 3*v - 6. Let r be h(6). Let j be 11/((-44)/r) + 2*-1. Calculate the highest common factor of j and p.
4
Suppose -11*w + 16*w = 90. Let n be (-11)/((-165)/12) - (-131)/5. What is the highest common divisor of n and w?
9
Let o = -16 + 42. Let s be (-3)/6 + 313/2. Suppose s = -0*b + 2*b. Calculate the highest common divisor of o and b.
26
Let k(r) = -r**3 - 9*r**2 - r - 7. Let z be k(-9). Suppose 0 = -3*t - z*t + 20. Let x = -125 + 157. What is the greatest common factor of t and x?
4
Let o(v) = v**3 + 20*v**2 + 4*v - 15. Let c be o(-19). Calculate the highest common divisor of c and 240.
30
Let q(f) = 2*f**2 + 27*f - 32. Let v be q(-16). Suppose 0 = 5*c - 180. Calculate the highest common divisor of v and c.
12
Let w = 11 + -1. Let u be w*(-1 - (0 - 2)). Let h = -3 + 5. Calculate the greatest common divisor of u and h.
2
Let r be ((-112)/12)/((-2)/(-87)). Let u = 620 + r. Suppose -3*h + 646 - u = 0. What is the greatest common divisor of 16 and h?
16
Let c = -52 - -58. Suppose c*l - 3 = 51. Let a be 4/6*9/2. What is the greatest common divisor of l and a?
3
Let s(r) = 14*r**2 + 9*r - 2. Let q be s(-4). Let t(v) = v - 15. Let i be t(0). Let x be (q/i)/(2/(-5)). What is the greatest common divisor of x and 62?
31
Let o be (69/(-2))/(1 + 4/(-8)). Let f = -56 - o. Calculate the highest common divisor of 13 and f.
13
Let s = 580 + -563. Calculate the greatest common divisor of 391 and s.
17
Let r = -62 - -65. Suppose 0 = -3*m - 2*z + 7, r*m + 0*m = -5*z + 4. Calculate the highest common divisor of m and 3.
3
Let w(n) = n**3 - 16*n**2 + 15*n + 11. Let l be w(13). Let j = l + 429. Calculate the highest common divisor of j and 16.
16
Let o(g) be the first derivative of -23*g**2/2 + g + 1. Let l = 61 + -62. Let n be o(l). Calculate the highest common divisor of n and 8.
8
Let r be 33/22 + 613/2. Let p = -83 + r. What is the greatest common divisor of 25 and p?
25
Suppose 0 = -4*y - 20, -4*v + 26 = 4*y + 10. Let d = -12 - -13. What is the highest common divisor of d and v?
1
Let x(k) = k**2 + 23*k - 174. Let a be x(-34). What is the highest common divisor of a and 320?
40
Let d = -1134 - -1143. What is the highest common divisor of d and 45?
9
Let c(t) = t**3 + 4*t + 3 - 2*t**2 - 2*t - 3*t. Suppose 3*a = 15, -3*a = -3*s - a - 4. Let r be c(s). What is the greatest common factor of 7 and r?
1
Let k be ((-128)/(-12))/(16/360). What is the greatest common factor of k and 15?
15
Suppose -11*t = 3*t - 2058. What is the highest common factor of t and 3?
3
Suppose -43*l + 2591 = -4289. Calculate the highest common divisor of 180 and l.
20
Suppose 4*w + 1 = 5*a + 9, 17 = -2*a - 3*w. Let g(l) = -8*l - 27. Let u be g(a). What is the highest common factor of u and 105?
5
Let m = 3 + 3. Suppose -6*p + 5*p + 4*r = -62, p + 3*r - 69 = 0. Calculate the highest common factor of m and p.
6
Suppose 0